{"id":20332,"date":"2012-08-08T22:58:28","date_gmt":"2012-08-08T20:58:28","guid":{"rendered":"http:\/\/www.floracantabrica.com\/?page_id=20332"},"modified":"2012-08-08T22:58:28","modified_gmt":"2012-08-08T20:58:28","slug":"purge-in-spain-the-guardian","status":"publish","type":"page","link":"https:\/\/www.floracantabrica.com\/?page_id=20332","title":{"rendered":"Purge in SPAIN. The guardian"},"content":{"rendered":"<p><a href=\"http:\/\/twitter.com\/share?url=https%3A%2F%2Fwww.floracantabrica.com%2F%3Fpage_id%3D20332&amp;count=none&amp;lang=es&amp;via=lorencincoreses&amp;related=Mujerverdosa&amp;text=Purge in SPAIN. The guardian - Flora Cant\u00e1brica\" class=\"twitter-share-button\">Tweet<\/a><\/p><p>&#8230;&#8230;&#8230;&#8230;&#8230;<\/p>\n<p><span style=\"font-size: large;\"><strong>Purga en ESPA\u00d1A. The guardian.<\/strong><\/span><\/p>\n<p><span style=\"font-size: large;\"> <\/span><\/p>\n<p><span style=\"font-size: large;\"><strong>\u2026\u2026<\/strong><\/span><\/p>\n<p><span style=\"font-size: large;\"> <\/span><\/p>\n<p><span style=\"font-size: large;\"><strong>\u2026\u2026\u2026 <\/strong><\/span><\/p>\n<p><span style=\"font-size: large;\"> <\/span><\/p>\n<p><span style=\"font-size: xx-large;\"><strong>Purge in SPAIN. The guardian<\/strong><\/span><\/p>\n<p><span style=\"font-size: large;\"><strong>.<\/strong><\/span><\/p>\n<p><span style=\"font-size: large;\"><strong>.<\/strong><\/span><\/p>\n<p><span style=\"font-size: large;\"><strong><br \/>\n<\/strong><\/span><\/p>\n<p><span style=\"font-size: large;\"> <\/span><\/p>\n<p><span style=\"font-size: large;\"><strong> <\/strong><\/span><\/p>\n<p><span style=\"font-size: large;\"> <\/span><\/p>\n<p><span style=\"font-size: large;\"><strong>Purga cobarde en Espa\u00f1a de los periodistas que hacen preguntas dif\u00edciles<\/strong><\/span><\/p>\n<p><span style=\"font-size: large;\"> <\/span><\/p>\n<p><span style=\"font-size: large;\"><strong>&#8230;&#8230;&#8230;.<\/strong><\/span><\/p>\n<p><span style=\"font-size: large;\"> <\/span><\/p>\n<p><span style=\"font-size: large;\"><strong>&#8230;&#8230;&#8230;<\/strong><\/span><\/p>\n<p><span style=\"font-size: large;\"> <\/span><\/p>\n<p><span style=\"font-size: large;\"><strong>ETNOPAISAJE.COM<\/strong><\/span><\/p>\n<p><span style=\"font-size: large;\"> <\/span><\/p>\n<p><span style=\"font-size: large;\"><strong>\u2026\u2026\u2026\u2026<\/strong><\/span><\/p>\n<p><span style=\"font-size: large;\"> <\/span><\/p>\n<p><span style=\"font-size: large;\"><strong> <\/strong><\/span><\/p>\n<p><span style=\"font-size: large;\"> <\/span><\/p>\n<p><span style=\"font-size: large;\"><strong>Sp<\/strong><strong>ain&#8217;s cowardly purge of the journalists who ask difficult questions<\/strong><\/span><\/p>\n<p><span style=\"font-size: large;\"><strong>&#8230;&#8230;&#8230;&#8230;..<\/strong><\/span><\/p>\n<p><span style=\"font-size: large;\"><strong><img loading=\"lazy\" decoding=\"async\" title=\"image002\" src=\"..\/wp-content\/uploads\/2012\/08\/image0023.jpg\" alt=\"image002\" width=\"359\" height=\"72\" \/><\/strong><\/span><\/p>\n<p><span style=\"font-size: large;\"><strong>&#8230;&#8230;&#8230;&#8230;..<\/strong><\/span><\/p>\n<p>\u2026\u2026\u2026\u2026..<\/p>\n<p><span style=\"font-size: large;\">El despido de periodistas de la emisora financiada por el estado de Espa\u00f1a RTVE muestra c\u00f3mo el <strong>Gobierno de Mariano Rajoy ha perdido el control<\/strong><\/span><\/p>\n<p><span style=\"font-size: large;\"> <\/span><\/p>\n<p><span style=\"font-size: large;\">\u2026\u2026\u2026..<\/span><\/p>\n<p><span style=\"font-size: large;\"> <\/span><\/p>\n<p><span style=\"font-size: large;\">Ministro de Espa\u00f1a, Mariano Rajoy est\u00e1 convencido de <strong>la impopularidad del gobierno &#8216; es culpa de los medios de comunicaci\u00f3n Estado<\/strong>, con personal \u00a0antip\u00e1tico que sigue \u00a0hablando de recortes y desempleo<\/span><\/p>\n<p><span style=\"font-size: large;\"> <\/span><\/p>\n<p><span style=\"font-size: large;\">\u2026\u2026<\/span><\/p>\n<p><span style=\"font-size: large;\"> <\/span><\/p>\n<p><span style=\"font-size: large;\">\u2026..<\/span><\/p>\n<p><span style=\"font-size: large;\"> <\/span><\/p>\n<p><span style=\"font-size: large;\"><strong>Y sin embargo a Rajoy, es simplemente incre\u00edble<\/strong> que sus pol\u00edticas de austeridad \u2013 duras, impopulares y, en lo que es probablemente peor, ineficaz \u2013 puede tener nad<strong>a que ver con la r\u00e1pida erosi\u00f3n de su capital pol\u00edtico. <\/strong>\u00c9l  y sus asesores est\u00e1n convencidos de que es culpa de la televisi\u00f3n  nacional, atendida como es con periodistas antip\u00e1tico que seguir  hablando de recortes y desempleo<\/span><\/p>\n<p><span style=\"font-size: large;\"> <\/span><\/p>\n<p><span style=\"font-size: large;\">\u2026<\/span><\/p>\n<p><span style=\"font-size: large;\"> <\/span><\/p>\n<p><span style=\"font-size: large;\">\u2026..<\/span><\/p>\n<p><span style=\"font-size: large;\"> <\/span><\/p>\n<p><span style=\"font-size: large;\">Spain&#8217;s cowardly purge of the journalists who ask difficult questions<\/span><\/p>\n<p><span style=\"font-size: large;\"> <\/span><\/p>\n<p><span style=\"font-size: large;\">&#8230;&#8230;&#8230;<\/span><\/p>\n<p><span style=\"font-size: large;\"> <\/span><\/p>\n<p><span style=\"font-size: large;\">&#8230;&#8230;&#8230;<\/span><\/p>\n<p><span style=\"font-size: large;\"> <\/span><\/p>\n<p><span style=\"font-size: large;\"><strong>The dismissal of journalists at Spain&#8217;s state-funded broadcaster RTVE shows how Mariano Rajoy&#8217;s government has lost the plot<\/strong><strong> <\/strong><\/span><\/p>\n<p><span style=\"font-size: large;\"> <\/span><\/p>\n<p><span style=\"font-size: large;\">&#8230;&#8230;&#8230;..<\/span><\/p>\n<p><span style=\"font-size: large;\"> <\/span><\/p>\n<p><span style=\"font-size: large;\">&#8230;&#8230;&#8230;&#8230;..<\/span><\/p>\n<p><span style=\"font-size: large;\"> <\/span><\/p>\n<p><span style=\"font-size: large;\">Spain&#8217;s  prime minister Mariano Rajoy is convinced that government&#8217;s  unpopularity &#8216;is the state media&#8217;s fault, staffed as it is with  unsympathetic journos who keep talking about cutbacks and unemployment<\/span><\/p>\n<p><span style=\"font-size: large;\"> <\/span><\/p>\n<p><span style=\"font-size: large;\">&#8230;&#8230;&#8230;&#8230;<\/span><\/p>\n<p><span style=\"font-size: large;\"> <\/span><\/p>\n<p><span style=\"font-size: large;\">And yet to Rajoy it&#8217;s simply unbelievable that his austerity policies \u2013 harsh, unpopular and, what is probably worse, <a href=\"http:\/\/www.bbc.co.uk\/news\/business-19009751\">ineffective<\/a> \u2013 may have anything to do with the quick erosion of his political  capital. He and his advisers are convinced that it is the national  broadcaster&#8217;s fault, staffed as it is with unsympathetic journalists who  keep talking about cutbacks and unemployment.<\/span><\/p>\n<p><span style=\"font-size: large;\"> <\/span><\/p>\n<p><span style=\"font-size: large;\">&#8230;&#8230;&#8230;..<\/span><\/p>\n","protected":false},"excerpt":{"rendered":"<p>Tweet&#8230;&#8230;&#8230;&#8230;&#8230; Purga en ESPA\u00d1A. The guardian. \u2026\u2026 \u2026\u2026\u2026 Purge in SPAIN. The guardian . . Purga cobarde en Espa\u00f1a de los periodistas que hacen preguntas dif\u00edciles &#8230;&#8230;&#8230;. &#8230;&#8230;&#8230; ETNOPAISAJE.COM \u2026\u2026\u2026\u2026 Spain&#8217;s cowardly purge of the journalists who ask difficult questions &#8230;&#8230;&#8230;&#8230;.. &#8230;&#8230;&#8230;&#8230;.. \u2026\u2026\u2026\u2026.. El despido de periodistas de la emisora financiada por el estado de [&hellip;]<\/p>\n","protected":false},"author":1,"featured_media":0,"parent":0,"menu_order":0,"comment_status":"open","ping_status":"open","template":"","meta":{"footnotes":""},"class_list":["post-20332","page","type-page","status-publish","hentry"],"_links":{"self":[{"href":"https:\/\/www.floracantabrica.com\/index.php?rest_route=\/wp\/v2\/pages\/20332","targetHints":{"allow":["GET"]}}],"collection":[{"href":"https:\/\/www.floracantabrica.com\/index.php?rest_route=\/wp\/v2\/pages"}],"about":[{"href":"https:\/\/www.floracantabrica.com\/index.php?rest_route=\/wp\/v2\/types\/page"}],"author":[{"embeddable":true,"href":"https:\/\/www.floracantabrica.com\/index.php?rest_route=\/wp\/v2\/users\/1"}],"replies":[{"embeddable":true,"href":"https:\/\/www.floracantabrica.com\/index.php?rest_route=%2Fwp%2Fv2%2Fcomments&post=20332"}],"version-history":[{"count":3,"href":"https:\/\/www.floracantabrica.com\/index.php?rest_route=\/wp\/v2\/pages\/20332\/revisions"}],"predecessor-version":[{"id":20336,"href":"https:\/\/www.floracantabrica.com\/index.php?rest_route=\/wp\/v2\/pages\/20332\/revisions\/20336"}],"wp:attachment":[{"href":"https:\/\/www.floracantabrica.com\/index.php?rest_route=%2Fwp%2Fv2%2Fmedia&parent=20332"}],"curies":[{"name":"wp","href":"https:\/\/api.w.org\/{rel}","templated":true}]}}

<p><a href="http://twitter.com/share?url=https%3A%2F%2Fwww.floracantabrica.com%2F%3Fpage_id%3D20332&amp;count=none&amp;lang=es&amp;via=lorencincoreses&amp;related=Mujerverdosa&amp;text=Purge in SPAIN. The guardian - Flora Cantábrica" class="twitter-share-button">Tweet</a></p><p>&#8230;&#8230;&#8230;&#8230;&#8230;</p>
<p><span style="font-size: large;"><strong>Purga en ESPAÑA. The guardian.</strong></span></p>
<p><span style="font-size: large;"> </span></p>
<p><span style="font-size: large;"><strong>……</strong></span></p>
<p><span style="font-size: large;"> </span></p>
<p><span style="font-size: large;"><strong>……… </strong></span></p>
<p><span style="font-size: large;"> </span></p>
<p><span style="font-size: xx-large;"><strong>Purge in SPAIN. The guardian</strong></span></p>
<p><span style="font-size: large;"><strong>.</strong></span></p>
<p><span style="font-size: large;"><strong>.</strong></span></p>
<p><span style="font-size: large;"><strong><br />
</strong></span></p>
<p><span style="font-size: large;"> </span></p>
<p><span style="font-size: large;"><strong> </strong></span></p>
<p><span style="font-size: large;"> </span></p>
<p><span style="font-size: large;"><strong>Purga cobarde en España de los periodistas que hacen preguntas difíciles</strong></span></p>
<p><span style="font-size: large;"> </span></p>
<p><span style="font-size: large;"><strong>&#8230;&#8230;&#8230;.</strong></span></p>
<p><span style="font-size: large;"> </span></p>
<p><span style="font-size: large;"><strong>&#8230;&#8230;&#8230;</strong></span></p>
<p><span style="font-size: large;"> </span></p>
<p><span style="font-size: large;"><strong>ETNOPAISAJE.COM</strong></span></p>
<p><span style="font-size: large;"> </span></p>
<p><span style="font-size: large;"><strong>…………</strong></span></p>
<p><span style="font-size: large;"> </span></p>
<p><span style="font-size: large;"><strong> </strong></span></p>
<p><span style="font-size: large;"> </span></p>
<p><span style="font-size: large;"><strong>Sp</strong><strong>ain&#8217;s cowardly purge of the journalists who ask difficult questions</strong></span></p>
<p><span style="font-size: large;"><strong>&#8230;&#8230;&#8230;&#8230;..</strong></span></p>
<p><span style="font-size: large;"><strong><img loading="lazy" decoding="async" title="image002" src="../wp-content/uploads/2012/08/image0023.jpg" alt="image002" width="359" height="72" /></strong></span></p>
<p><span style="font-size: large;"><strong>&#8230;&#8230;&#8230;&#8230;..</strong></span></p>
<p>…………..</p>
<p><span style="font-size: large;">El despido de periodistas de la emisora financiada por el estado de España RTVE muestra cómo el <strong>Gobierno de Mariano Rajoy ha perdido el control</strong></span></p>
<p><span style="font-size: large;"> </span></p>
<p><span style="font-size: large;">………..</span></p>
<p><span style="font-size: large;"> </span></p>
<p><span style="font-size: large;">Ministro de España, Mariano Rajoy está convencido de <strong>la impopularidad del gobierno &#8216; es culpa de los medios de comunicación Estado</strong>, con personal  antipático que sigue  hablando de recortes y desempleo</span></p>
<p><span style="font-size: large;"> </span></p>
<p><span style="font-size: large;">……</span></p>
<p><span style="font-size: large;"> </span></p>
<p><span style="font-size: large;">…..</span></p>
<p><span style="font-size: large;"> </span></p>
<p><span style="font-size: large;"><strong>Y sin embargo a Rajoy, es simplemente increíble</strong> que sus políticas de austeridad – duras, impopulares y, en lo que es probablemente peor, ineficaz – puede tener nad<strong>a que ver con la rápida erosión de su capital político. </strong>Él  y sus asesores están convencidos de que es culpa de la televisión  nacional, atendida como es con periodistas antipático que seguir  hablando de recortes y desempleo</span></p>
<p><span style="font-size: large;"> </span></p>
<p><span style="font-size: large;">…</span></p>
<p><span style="font-size: large;"> </span></p>
<p><span style="font-size: large;">…..</span></p>
<p><span style="font-size: large;"> </span></p>
<p><span style="font-size: large;">Spain&#8217;s cowardly purge of the journalists who ask difficult questions</span></p>
<p><span style="font-size: large;"> </span></p>
<p><span style="font-size: large;">&#8230;&#8230;&#8230;</span></p>
<p><span style="font-size: large;"> </span></p>
<p><span style="font-size: large;">&#8230;&#8230;&#8230;</span></p>
<p><span style="font-size: large;"> </span></p>
<p><span style="font-size: large;"><strong>The dismissal of journalists at Spain&#8217;s state-funded broadcaster RTVE shows how Mariano Rajoy&#8217;s government has lost the plot</strong><strong> </strong></span></p>
<p><span style="font-size: large;"> </span></p>
<p><span style="font-size: large;">&#8230;&#8230;&#8230;..</span></p>
<p><span style="font-size: large;"> </span></p>
<p><span style="font-size: large;">&#8230;&#8230;&#8230;&#8230;..</span></p>
<p><span style="font-size: large;"> </span></p>
<p><span style="font-size: large;">Spain&#8217;s  prime minister Mariano Rajoy is convinced that government&#8217;s  unpopularity &#8216;is the state media&#8217;s fault, staffed as it is with  unsympathetic journos who keep talking about cutbacks and unemployment</span></p>
<p><span style="font-size: large;"> </span></p>
<p><span style="font-size: large;">&#8230;&#8230;&#8230;&#8230;</span></p>
<p><span style="font-size: large;"> </span></p>
<p><span style="font-size: large;">And yet to Rajoy it&#8217;s simply unbelievable that his austerity policies – harsh, unpopular and, what is probably worse, <a href="http://www.bbc.co.uk/news/business-19009751">ineffective</a> – may have anything to do with the quick erosion of his political  capital. He and his advisers are convinced that it is the national  broadcaster&#8217;s fault, staffed as it is with unsympathetic journalists who  keep talking about cutbacks and unemployment.</span></p>
<p><span style="font-size: large;"> </span></p>
<p><span style="font-size: large;">&#8230;&#8230;&#8230;..</span></p>

<p>Tweet&#8230;&#8230;&#8230;&#8230;&#8230; Purga en ESPAÑA. The guardian. …… ……… Purge in SPAIN. The guardian . . Purga cobarde en España de los periodistas que hacen preguntas difíciles &#8230;&#8230;&#8230;. &#8230;&#8230;&#8230; ETNOPAISAJE.COM ………… Spain&#8217;s cowardly purge of the journalists who ask difficult questions &#8230;&#8230;&#8230;&#8230;.. &#8230;&#8230;&#8230;&#8230;.. ………….. El despido de periodistas de la emisora financiada por el estado de [&hellip;]</p>
