{"id":21610,"date":"2012-09-25T20:19:14","date_gmt":"2012-09-25T18:19:14","guid":{"rendered":"http:\/\/www.floracantabrica.com\/?page_id=21610"},"modified":"2012-09-25T20:19:14","modified_gmt":"2012-09-25T18:19:14","slug":"the-eunuchs-lived-more-than-the-non-castrated-in-the-imperial-korea","status":"publish","type":"page","link":"http:\/\/www.floracantabrica.com\/?page_id=21610","title":{"rendered":"The eunuchs lived more than the non-castrated in the imperial Korea"},"content":{"rendered":"<p><a href=\"http:\/\/twitter.com\/share?url=http%3A%2F%2Fwww.floracantabrica.com%2F%3Fpage_id%3D21610&amp;count=none&amp;lang=es&amp;via=lorencincoreses&amp;related=Mujerverdosa&amp;text=The eunuchs lived more than the non-castrated in the imperial Korea  - Flora Cant\u00e1brica\" class=\"twitter-share-button\">Tweet<\/a><\/p><p>.<span style=\"font-size: large;\">&#8230;&#8230;&#8230;..<\/span><\/p>\n<p><span style=\"font-size: large;\"><strong>Los eunucos viv\u00edan m\u00e1s que los no castrados en la Corea imperial <\/strong><\/span><\/p>\n<p><span style=\"font-size: xx-large;\"><strong>..<\/strong><\/span><\/p>\n<p><span style=\"font-size: xx-large;\"><strong>&#8230;<\/strong><\/span><\/p>\n<p><span style=\"font-size: xx-large;\"><strong>..<\/strong><\/span><\/p>\n<p><span style=\"font-size: large;\"><strong>&#8230;&#8230;&#8230;.<\/strong><\/span><\/p>\n<p><span style=\"font-size: xx-large;\"><strong>The eunuchs lived more than the non-castrated in the imperial<br \/>\n<\/strong><\/span><\/p>\n<p><span style=\"font-size: large;\"><strong>&#8230;.<\/strong><\/span><\/p>\n<p><span style=\"font-size: large;\"><strong>&#8230;&#8230;&#8230;<\/strong><\/span><\/p>\n<p><span style=\"font-size: large;\"><strong>Current Biology<\/strong><\/span><\/p>\n<p><span style=\"font-size: large;\"><strong>&#8230;..<\/strong><\/span><\/p>\n<p><span style=\"font-size: large;\"><strong>&#8230;.<\/strong><\/span><\/p>\n<p><span style=\"font-size: xx-large;\"><strong>Etnopaisaje.com<\/strong><\/span><\/p>\n<p><span style=\"font-size: large;\">&#8230;..<\/span><\/p>\n<p><span style=\"font-size: large;\">..<\/span><\/p>\n<p><img loading=\"lazy\" decoding=\"async\" title=\"image002\" src=\"http:\/\/www.floracantabrica.com\/wp-content\/uploads\/2012\/09\/image00263.gif\" alt=\"image002\" width=\"853\" height=\"640\" \/><\/p>\n<p><span style=\"font-size: large;\">..<\/span><\/p>\n<p><span style=\"font-size: large;\"><strong>La longevidad de los eunucos era significativamente superior a la de los hombres no castrados<\/strong> en la corte imperial en Corea, seg\u00fan un estudio publicado el lunes en  Estados Unidos, que sugiere que las hormonas masculinas contribuyen a  acortar la vida.<\/span><\/p>\n<p><span style=\"font-size: large;\">&#8230;&#8230;<\/span><\/p>\n<p><span style=\"font-size: large;\">&#8230;&#8230;&#8230;.<\/span><\/p>\n<p><span style=\"font-size: large;\">\u00abEste descubrimiento proporciona una clave importante para entender las razones de <strong>la diferencia de la esperanza de vida entre hombres y mujeres\u00bb,<\/strong> dijo Kyung-Jin Min, de la Universidad Inha de Corea del Sur, autor principal de la investigaci\u00f3n publicada en la <strong>revista Current Biology<\/strong> fechada el 25 de septiembre<\/span><\/p>\n<p><span style=\"font-size: large;\">,,,,,<\/span><\/p>\n<p><span style=\"font-size: large;\">,,,,<\/span><\/p>\n<p><span style=\"font-size: large;\"> <\/span><\/p>\n<p><span style=\"font-size: large;\">Estos investigadores examinaron los <strong>registros geneal\u00f3gicos de los miembros de la corte imperial <\/strong>durante la dinast\u00eda Joseon de Corea, desde 1392 hasta 1910.<\/span><\/p>\n<p><span style=\"font-size: large;\">&#8230;..<\/span><\/p>\n<p><span style=\"font-size: large;\">&#8230;<\/span><\/p>\n<p><span style=\"font-size: large;\">Encontraron que <strong>los eunucos viv\u00edan de 14 a 19 a\u00f1os m\u00e1s<\/strong> que los no castrados, con un promedio de vida de 70 a\u00f1os.<\/span><\/p>\n<p><span style=\"font-size: large;\">&#8230;&#8230;<\/span><\/p>\n<p><span style=\"font-size: large;\">&#8230;&#8230;.<\/span><\/p>\n<p><span style=\"font-size: large;\">Entre los 81 eunucos <strong>estudiados, tres vivieron hasta los cien a\u00f1os<\/strong> y m\u00e1s, lo cual es raro actualmente en los pa\u00edses desarrollados, seg\u00fan los autores del estudio<\/span><\/p>\n<p><span style=\"font-size: large;\">&#8230;&#8230;.<\/span><\/p>\n<p><span style=\"font-size: large;\">&#8230;&#8230;.<\/span><\/p>\n<p><span style=\"font-size: large;\"><strong>Tal longevidad no puede explicarse s\u00f3lo por las comodidades<\/strong> y otros beneficios que supon\u00eda la vida en el palacio imperial, dijeron los investigadores.<\/span><\/p>\n<p><span style=\"font-size: large;\">&#8230;&#8230;<\/span><\/p>\n<p><span style=\"font-size: large;\">&#8230;..<\/span><\/p>\n<p><span style=\"font-size: large;\">Estos cient\u00edficos tambi\u00e9n observaron que los emperadores y de los miembros masculinos de <strong>la familia imperial mor\u00edan a menudo muy j\u00f3venes,<\/strong> en el entorno de la cuarentena.<\/span><\/p>\n<p><span style=\"font-size: large;\">&#8230;&#8230;<\/span><\/p>\n<p><span style=\"font-size: large;\">&#8230;&#8230;.<\/span><\/p>\n<p><span style=\"font-size: large;\">Numerosos estudios han demostrado la relaci\u00f3n entre la longevidad <strong>y la reproducci\u00f3n en los animales cuyas vidas se alargaron con la castraci\u00f3n, co<\/strong>n lo cual se suprime la fuente de hormonas masculinas<\/span><\/p>\n<p><span style=\"font-size: large;\">&#8230;&#8230;<\/span><\/p>\n<p><span style=\"font-size: large;\">&#8230;.<\/span><\/p>\n<p><span style=\"font-size: large;\"> <\/span><\/p>\n<p><span style=\"font-size: large;\">En muchas especies de mam\u00edferos, incluyendo a los seres humanos, la <strong>esperanza de vida es m\u00e1s corta entre los machos<\/strong>.  Esta diferencia puede explicarse, entre otras razones, por la acci\u00f3n de  las hormonas masculinas en el sistema inmune y por el hecho de que  \u00e9stas predisponen a los hombres a los problemas cardiovasculares, de  acuerdo con los autores del estudio.<\/span><\/p>\n<p><span style=\"font-size: large;\">&#8230;&#8230;<\/span><\/p>\n<p><span style=\"font-size: large;\">&#8230;&#8230;..<\/span><\/p>\n<p><span style=\"font-size: large;\">Hist\u00f3ricamente, <strong>los eunucos eran empleados como guardias y sirvientes en los harenes de Medio Oriente y Asia, garantizando<\/strong> que los hijos del rey o el emperador eran leg\u00edtimos<\/span><\/p>\n<p><span style=\"font-size: large;\">&#8230;&#8230;&#8230;..<\/span><\/p>\n<p><span style=\"font-size: large;\"> <\/span><\/p>\n<p><span style=\"font-size: large;\"> <\/span><\/p>\n<p><span style=\"font-size: large;\"> <\/span><\/p>\n<p><span style=\"font-size: large;\"> <\/span><\/p>\n<p><span style=\"font-size: large;\"> <\/span><\/p>\n<p><span style=\"font-size: large;\"> <\/span><\/p>\n<p><span style=\"font-size: large;\"> <\/span><\/p>\n<p><span style=\"font-size: large;\"> <\/span><\/p>\n<p><span style=\"font-size: large;\">&#8230;&#8230;.<\/span><\/p>\n<p><span style=\"font-size: large;\">&#8230;&#8230;<\/span><\/p>\n<p><span style=\"font-size: large;\"><strong>The longevity of the eunuchs was significantly higher than<\/strong> men not castrated at the imperial court in Korea, according to a study  published on Monday in United States, which suggests that male hormones  contribute to shortening life.<\/span><\/p>\n<p><span style=\"font-size: large;\">&#8230;&#8230;&#8230;<\/span><\/p>\n<p><span style=\"font-size: large;\">&#8230;&#8230;&#8230;&#8230;<\/span><\/p>\n<p><span style=\"font-size: large;\"> <\/span><\/p>\n<p><span style=\"font-size: large;\">\u00ab<strong>This discovery provides an important key to understand the reasons for the difference in life expectancy<\/strong> between men and women,\u00bb said Kyung-Jin Min, the Inha University of  Korea of the South, lead author of the research published in the journal  Current Biology dated 25 September<\/span><\/p>\n<p><span style=\"font-size: large;\">&#8230;.<\/span><\/p>\n<p><span style=\"font-size: large;\">&#8230;&#8230;..<\/span><\/p>\n<p><span style=\"font-size: large;\"><strong>These researchers examined genealogical records of the<\/strong> members of the imperial court during the Korea Joseon Dynasty, from 1392 until 1910.<\/span><\/p>\n<p><span style=\"font-size: large;\">&#8230;&#8230;<\/span><\/p>\n<p><span style=\"font-size: large;\">&#8230;&#8230;.<\/span><\/p>\n<p><span style=\"font-size: large;\"><strong> <\/strong><\/span><\/p>\n<p><span style=\"font-size: large;\"><strong>They found that the eunuchs lived from 14 to 19 years longer than<\/strong> non-castrated, with an average lifespan of 70 years.<\/span><\/p>\n<p><span style=\"font-size: large;\">&#8230;..<\/span><\/p>\n<p><span style=\"font-size: large;\">&#8230;&#8230;&#8230;<\/span><\/p>\n<p><span style=\"font-size: large;\"> <\/span><\/p>\n<p><span style=\"font-size: large;\"><strong>Among the 81 studied eunuchs, three lived up to one hundred<\/strong> years and more, which is now rare in developed countries, according to the authors of the study<\/span><\/p>\n<p><span style=\"font-size: large;\">&#8230;&#8230;.<\/span><\/p>\n<p><span style=\"font-size: large;\">&#8230;&#8230;<\/span><\/p>\n<p><span style=\"font-size: large;\"> <\/span><\/p>\n<p><span style=\"font-size: large;\"><strong>Such longevity cannot be explained only by the comforts<\/strong> and other benefits that was life in the imperial palace, the researchers said.<\/span><\/p>\n<p><span style=\"font-size: large;\">&#8230;&#8230;&#8230;<\/span><\/p>\n<p><span style=\"font-size: large;\">&#8230;&#8230;<\/span><\/p>\n<p><span style=\"font-size: large;\"> <\/span><\/p>\n<p><span style=\"font-size: large;\"> <\/span><\/p>\n<p><span style=\"font-size: large;\">These scientists also observed that the emperors and the male members of the <strong>family imperial died very young, often<\/strong> in the quarantine environment.<\/span><\/p>\n<p><span style=\"font-size: large;\">&#8230;&#8230;..<\/span><\/p>\n<p><span style=\"font-size: large;\">&#8230;.<\/span><\/p>\n<p><span style=\"font-size: large;\"> <\/span><\/p>\n<p><span style=\"font-size: large;\"> <\/span><\/p>\n<p><span style=\"font-size: large;\">Numerous studies have shown the relationship between longevity <strong>and reproduction in animals whose lives lasted with castration<\/strong>, which removes the source of male hormones<\/span><\/p>\n<p><span style=\"font-size: large;\">&#8230;&#8230;.<\/span><\/p>\n<p><span style=\"font-size: large;\">&#8230;&#8230;<\/span><\/p>\n<p><span style=\"font-size: large;\"> <\/span><\/p>\n<p><span style=\"font-size: large;\">In many  species of mammals, including human beings, life expectancy is shorter  than among males. This difference can be explained, inter alia, <strong>by the action of the male in the immune system hormones and by the fact that these predispose<\/strong> men to cardiovascular problems, according to the authors of the study.<\/span><\/p>\n<p><span style=\"font-size: large;\"> <\/span><\/p>\n<p><span style=\"font-size: large;\">&#8230;&#8230;..<\/span><\/p>\n<p><span style=\"font-size: large;\">&#8230;&#8230;&#8230;&#8230;<\/span><\/p>\n<p><span style=\"font-size: large;\"> <\/span><\/p>\n<p><span style=\"font-size: large;\">Historically, <strong>eunuchs were employed as guards and servants<\/strong> in harems of Middle East and Asia, ensuring that the children of the King or the emperor were legitimate<\/span><\/p>\n<p><span style=\"font-size: large;\">&#8230;&#8230;&#8230;.<\/span><\/p>\n","protected":false},"excerpt":{"rendered":"<p>Tweet.&#8230;&#8230;&#8230;.. Los eunucos viv\u00edan m\u00e1s que los no castrados en la Corea imperial .. &#8230; .. &#8230;&#8230;&#8230;. The eunuchs lived more than the non-castrated in the imperial &#8230;. &#8230;&#8230;&#8230; Current Biology &#8230;.. &#8230;. Etnopaisaje.com &#8230;.. .. .. La longevidad de los eunucos era significativamente superior a la de los hombres no castrados en la corte [&hellip;]<\/p>\n","protected":false},"author":1,"featured_media":0,"parent":0,"menu_order":0,"comment_status":"open","ping_status":"open","template":"","meta":{"footnotes":""},"class_list":["post-21610","page","type-page","status-publish","hentry"],"_links":{"self":[{"href":"http:\/\/www.floracantabrica.com\/index.php?rest_route=\/wp\/v2\/pages\/21610","targetHints":{"allow":["GET"]}}],"collection":[{"href":"http:\/\/www.floracantabrica.com\/index.php?rest_route=\/wp\/v2\/pages"}],"about":[{"href":"http:\/\/www.floracantabrica.com\/index.php?rest_route=\/wp\/v2\/types\/page"}],"author":[{"embeddable":true,"href":"http:\/\/www.floracantabrica.com\/index.php?rest_route=\/wp\/v2\/users\/1"}],"replies":[{"embeddable":true,"href":"http:\/\/www.floracantabrica.com\/index.php?rest_route=%2Fwp%2Fv2%2Fcomments&post=21610"}],"version-history":[{"count":4,"href":"http:\/\/www.floracantabrica.com\/index.php?rest_route=\/wp\/v2\/pages\/21610\/revisions"}],"predecessor-version":[{"id":21616,"href":"http:\/\/www.floracantabrica.com\/index.php?rest_route=\/wp\/v2\/pages\/21610\/revisions\/21616"}],"wp:attachment":[{"href":"http:\/\/www.floracantabrica.com\/index.php?rest_route=%2Fwp%2Fv2%2Fmedia&parent=21610"}],"curies":[{"name":"wp","href":"https:\/\/api.w.org\/{rel}","templated":true}]}}