{"id":20422,"date":"2012-08-10T22:08:02","date_gmt":"2012-08-10T20:08:02","guid":{"rendered":"http:\/\/www.floracantabrica.com\/?page_id=20422"},"modified":"2012-08-10T22:08:02","modified_gmt":"2012-08-10T20:08:02","slug":"the-ilo-warns-the-ecb-that-reduce-wages-harm-economic-growth-of-the-country","status":"publish","type":"page","link":"http:\/\/www.floracantabrica.com\/?page_id=20422","title":{"rendered":"The ILO warns the ECB that reduce wages harm economic growth of the country."},"content":{"rendered":"<p><a href=\"http:\/\/twitter.com\/share?url=http%3A%2F%2Fwww.floracantabrica.com%2F%3Fpage_id%3D20422&amp;count=none&amp;lang=es&amp;via=lorencincoreses&amp;related=Mujerverdosa&amp;text=The ILO warns the ECB that reduce wages harm economic growth of the country. - Flora Cant\u00e1brica\" class=\"twitter-share-button\">Tweet<\/a><\/p><p>&#8230;&#8230;&#8230;&#8230;.<\/p>\n<p><span style=\"font-size: x-large;\"><strong>The ILO warns the ECB that reduce wages harm economic growth of the country.<\/strong><\/span><\/p>\n<p>&#8230;.<\/p>\n<p>.<\/p>\n<p>&#8230;&#8230;&#8230;<\/p>\n<p><span style=\"font-size: large;\"><strong>La OIT advierte al BCE de que reducir los salarios perjudica el crecimiento econ\u00f3mico del pa\u00eds<\/strong><\/span><\/p>\n<p><span style=\"font-size: large;\"> <\/span><\/p>\n<p><span style=\"font-size: large;\"> <\/span><\/p>\n<p><span style=\"font-size: large;\"> <\/span><\/p>\n<p><span style=\"font-size: large;\"><strong>\u2026<\/strong><\/span><\/p>\n<p><span style=\"font-size: large;\"> <\/span><\/p>\n<p><span style=\"font-size: large;\"> <\/span><\/p>\n<p><span style=\"font-size: large;\"> <\/span><\/p>\n<p><span style=\"font-size: large;\"><strong>.<\/strong><\/span><\/p>\n<p><span style=\"font-size: large;\"> <\/span><\/p>\n<p><span style=\"font-size: large;\"> <\/span><\/p>\n<p><span style=\"font-size: large;\"> <\/span><\/p>\n<p><span style=\"font-size: large;\"><strong><br \/>\n<\/strong><\/span><\/p>\n<p><span style=\"font-size: large;\"> <\/span><\/p>\n<p><span style=\"font-size: large;\"> <\/span><\/p>\n<p><span style=\"font-size: large;\"> <\/span><\/p>\n<p><span style=\"font-size: large;\"><strong>&#8230;..<\/strong><\/span><\/p>\n<p><span style=\"font-size: large;\"> <\/span><\/p>\n<p><span style=\"font-size: large;\"> <\/span><\/p>\n<p><span style=\"font-size: large;\"> <\/span><\/p>\n<p><span style=\"font-size: large;\"><strong>.<\/strong><\/span><\/p>\n<p><span style=\"font-size: large;\"> <\/span><\/p>\n<p><span style=\"font-size: large;\"> <\/span><\/p>\n<p><span style=\"font-size: large;\"> <\/span><\/p>\n<p><span style=\"font-size: large;\"><strong>Etnopaisaje.com<\/strong><\/span><\/p>\n<p><span style=\"font-size: large;\"> <\/span><\/p>\n<p><span style=\"font-size: large;\"> <\/span><\/p>\n<p><span style=\"font-size: large;\"> <\/span><\/p>\n<p><span style=\"font-size: large;\"><strong> <\/strong><\/span><\/p>\n<p><span style=\"font-size: large;\"> <\/span><\/p>\n<p><span style=\"font-size: large;\"> <\/span><\/p>\n<p><span style=\"font-size: large;\"> <\/span><\/p>\n<p><span style=\"font-size: large;\"> <\/span><\/p>\n<p><span style=\"font-size: large;\"> <\/span><\/p>\n<p><span style=\"font-size: large;\"> <\/span><\/p>\n<p><span style=\"font-size: large;\"> <\/span><\/p>\n<ul>\n<li><span style=\"font-size: large;\">Bajar los sueldos destruye el consumo dom\u00e9stico, seg\u00fan la      organizaci\u00f3n<\/span><\/li>\n<li><span style=\"font-size: large;\">\u2026<\/span><\/li>\n<li><span style=\"font-size: large;\">\u2026\u2026\u2026<\/span><\/li>\n<li><span style=\"font-size: large;\">El BCE pidi\u00f3 flexibilizar salarios para aumentar la      competitividad<\/span><\/li>\n<\/ul>\n<p><span style=\"font-size: large;\"> <\/span><\/p>\n<p><span style=\"font-size: large;\">\u2026\u2026\u2026\u2026\u2026.<\/span><\/p>\n<p><span style=\"font-size: large;\"> <\/span><\/p>\n<p><span style=\"font-size: large;\"> <\/span><\/p>\n<p><span style=\"font-size: large;\"> <\/span><\/p>\n<p><span style=\"font-size: large;\">La Organizaci\u00f3n Internacional del Trabajo (OIT) ha advertido al <a href=\"http:\/\/www.rtve.es\/noticias\/banco-central-europeo\/\">Banco Central Europeo (BCE)<\/a> que<strong> bajar los salarios perjudica al crecimiento econ\u00f3mico<\/strong> de un pa\u00eds porque <strong>reduce el consumo dom\u00e9stico<\/strong>.<\/span><\/p>\n<p><span style=\"font-size: large;\"> <\/span><\/p>\n<p><span style=\"font-size: large;\">\u2026\u2026\u2026<\/span><\/p>\n<p><span style=\"font-size: large;\"> <\/span><\/p>\n<p><span style=\"font-size: large;\">\u2026..<\/span><\/p>\n<p><span style=\"font-size: large;\"> <\/span><\/p>\n<p><span style=\"font-size: large;\">Estas declaraciones se producen a ra\u00edz de que el BCE pidiera en agosto que se <a href=\"http:\/\/www.rtve.es\/noticias\/20120809\/bce-apuesta-bajada-salarios-espana\/555706.shtml\">flexibilizara la fijaci\u00f3n de salarios<\/a><strong> <\/strong>y as\u00ed poder disminuir el sueldo m\u00ednimo para mejorar la competitividad<\/span><\/p>\n<p><span style=\"font-size: large;\"> <\/span><\/p>\n<p><span style=\"font-size: large;\">\u2026\u2026\u2026<\/span><\/p>\n<p><span style=\"font-size: large;\"> <\/span><\/p>\n<p><span style=\"font-size: large;\">\u2026..<\/span><\/p>\n<p><span style=\"font-size: large;\"> <\/span><\/p>\n<p><span style=\"font-size: large;\">Cualquier ca\u00edda en los salarios <strong>reduce el consumo dom\u00e9sticos m\u00e1s de lo que incrementa las exportaciones <\/strong>y la inversi\u00f3n<\/span><\/p>\n<p><span style=\"font-size: large;\"> <\/span><\/p>\n<p><span style=\"font-size: large;\"> <\/span><\/p>\n<p><span style=\"font-size: large;\"> <\/span><\/p>\n<p><span style=\"font-size: large;\"> <\/span><\/p>\n<p><span style=\"font-size: large;\"> <\/span><\/p>\n<p><span style=\"font-size: large;\"> <\/span><\/p>\n<p><span style=\"font-size: large;\"> <\/span><\/p>\n<p><span style=\"font-size: large;\"> <\/span><\/p>\n<p><span style=\"font-size: large;\"> <\/span><\/p>\n<p><span style=\"font-size: large;\"> <\/span><\/p>\n<p><span style=\"font-size: large;\"> <\/span><\/p>\n<p><span style=\"font-size: large;\"> <\/span><\/p>\n<p><span style=\"font-size: large;\"> <\/span><\/p>\n<p><span style=\"font-size: large;\">\u2026\u2026\u2026\u2026.<\/span><\/p>\n<p><span style=\"font-size: large;\"> <\/span><\/p>\n<p><span style=\"font-size: large;\">\u2026\u2026\u2026..<\/span><\/p>\n<p><strong><span style=\"font-size: large;\"> <\/span><\/strong><\/p>\n<p><strong><span style=\"font-size: large;\">Lower wages destroy domestic consumption, according to the Organization<\/span><\/strong><\/p>\n<p><span style=\"font-size: large;\"> <\/span><\/p>\n<p><span style=\"font-size: large;\"> <\/span><\/p>\n<p><span style=\"font-size: large;\"> <\/span><\/p>\n<p><span style=\"font-size: large;\">..<\/span><\/p>\n<p><span style=\"font-size: large;\"> <\/span><\/p>\n<p><span style=\"font-size: large;\">&#8230;&#8230;&#8230;<\/span><\/p>\n<p><span style=\"font-size: large;\"> <\/span><\/p>\n<p><span style=\"font-size: large;\"> <\/span><\/p>\n<p><span style=\"font-size: large;\"> <\/span><\/p>\n<p><span style=\"font-size: large;\">The ECB called for flexible wages to increase competitiveness<\/span><\/p>\n<p><span style=\"font-size: large;\"> <\/span><\/p>\n<p><span style=\"font-size: large;\">&#8230;&#8230;&#8230;<\/span><\/p>\n<p><span style=\"font-size: large;\"> <\/span><\/p>\n<p><span style=\"font-size: large;\">&#8230;&#8230;<\/span><\/p>\n<p><span style=\"font-size: large;\"> <\/span><\/p>\n<p><span style=\"font-size: large;\">The International Labour Organization (ILO) has warned the European Central Bank (ECB) tha<strong>t lower wages is detrimental to economic growth in a country because it reduces household consumption.<\/strong><\/span><\/p>\n<p><span style=\"font-size: large;\"> <\/span><\/p>\n<p><span style=\"font-size: large;\"> <\/span><\/p>\n<p><span style=\"font-size: large;\"> <\/span><\/p>\n<p><span style=\"font-size: large;\">&#8230;&#8230;&#8230;&#8230;..<\/span><\/p>\n<p><span style=\"font-size: large;\"> <\/span><\/p>\n<p><span style=\"font-size: large;\">&#8230;&#8230;.<\/span><\/p>\n<p><span style=\"font-size: large;\"> <\/span><\/p>\n<p><span style=\"font-size: large;\"> <\/span><\/p>\n<p><span style=\"font-size: large;\"> <\/span><\/p>\n<p><span style=\"font-size: large;\">These  statements are produced as a result of the ECB asked in August is  flexibilizara wage fixing and to decrease the minimum wage to improve  competitiveness<\/span><\/p>\n<p><span style=\"font-size: large;\"> <\/span><\/p>\n<p><span style=\"font-size: large;\">&#8230;..<\/span><\/p>\n<p><span style=\"font-size: large;\"> <\/span><\/p>\n<p><span style=\"font-size: large;\">&#8230;&#8230;<\/span><\/p>\n<p><span style=\"font-size: large;\"> <\/span><\/p>\n<p><span style=\"font-size: large;\">A<strong>ny decline in wages reduces consumption household <\/strong>more than it increases exports and investment<\/span><\/p>\n<p><span style=\"font-size: large;\"> <\/span><\/p>\n<p><span style=\"font-size: large;\">&#8230;&#8230;..<\/span><\/p>\n","protected":false},"excerpt":{"rendered":"<p>Tweet&#8230;&#8230;&#8230;&#8230;. The ILO warns the ECB that reduce wages harm economic growth of the country. &#8230;. . &#8230;&#8230;&#8230; La OIT advierte al BCE de que reducir los salarios perjudica el crecimiento econ\u00f3mico del pa\u00eds \u2026 . &#8230;.. . Etnopaisaje.com Bajar los sueldos destruye el consumo dom\u00e9stico, seg\u00fan la organizaci\u00f3n \u2026 \u2026\u2026\u2026 El BCE pidi\u00f3 flexibilizar [&hellip;]<\/p>\n","protected":false},"author":1,"featured_media":0,"parent":0,"menu_order":0,"comment_status":"open","ping_status":"open","template":"","meta":{"footnotes":""},"class_list":["post-20422","page","type-page","status-publish","hentry"],"_links":{"self":[{"href":"http:\/\/www.floracantabrica.com\/index.php?rest_route=\/wp\/v2\/pages\/20422","targetHints":{"allow":["GET"]}}],"collection":[{"href":"http:\/\/www.floracantabrica.com\/index.php?rest_route=\/wp\/v2\/pages"}],"about":[{"href":"http:\/\/www.floracantabrica.com\/index.php?rest_route=\/wp\/v2\/types\/page"}],"author":[{"embeddable":true,"href":"http:\/\/www.floracantabrica.com\/index.php?rest_route=\/wp\/v2\/users\/1"}],"replies":[{"embeddable":true,"href":"http:\/\/www.floracantabrica.com\/index.php?rest_route=%2Fwp%2Fv2%2Fcomments&post=20422"}],"version-history":[{"count":8,"href":"http:\/\/www.floracantabrica.com\/index.php?rest_route=\/wp\/v2\/pages\/20422\/revisions"}],"predecessor-version":[{"id":20434,"href":"http:\/\/www.floracantabrica.com\/index.php?rest_route=\/wp\/v2\/pages\/20422\/revisions\/20434"}],"wp:attachment":[{"href":"http:\/\/www.floracantabrica.com\/index.php?rest_route=%2Fwp%2Fv2%2Fmedia&parent=20422"}],"curies":[{"name":"wp","href":"https:\/\/api.w.org\/{rel}","templated":true}]}}

<p><a href="http://twitter.com/share?url=http%3A%2F%2Fwww.floracantabrica.com%2F%3Fpage_id%3D20422&amp;count=none&amp;lang=es&amp;via=lorencincoreses&amp;related=Mujerverdosa&amp;text=The ILO warns the ECB that reduce wages harm economic growth of the country. - Flora Cantábrica" class="twitter-share-button">Tweet</a></p><p>&#8230;&#8230;&#8230;&#8230;.</p>
<p><span style="font-size: x-large;"><strong>The ILO warns the ECB that reduce wages harm economic growth of the country.</strong></span></p>
<p>&#8230;.</p>
<p>.</p>
<p>&#8230;&#8230;&#8230;</p>
<p><span style="font-size: large;"><strong>La OIT advierte al BCE de que reducir los salarios perjudica el crecimiento económico del país</strong></span></p>
<p><span style="font-size: large;"> </span></p>
<p><span style="font-size: large;"> </span></p>
<p><span style="font-size: large;"> </span></p>
<p><span style="font-size: large;"><strong>…</strong></span></p>
<p><span style="font-size: large;"> </span></p>
<p><span style="font-size: large;"> </span></p>
<p><span style="font-size: large;"> </span></p>
<p><span style="font-size: large;"><strong>.</strong></span></p>
<p><span style="font-size: large;"> </span></p>
<p><span style="font-size: large;"> </span></p>
<p><span style="font-size: large;"> </span></p>
<p><span style="font-size: large;"><strong><br />
</strong></span></p>
<p><span style="font-size: large;"> </span></p>
<p><span style="font-size: large;"> </span></p>
<p><span style="font-size: large;"> </span></p>
<p><span style="font-size: large;"><strong>&#8230;..</strong></span></p>
<p><span style="font-size: large;"> </span></p>
<p><span style="font-size: large;"> </span></p>
<p><span style="font-size: large;"> </span></p>
<p><span style="font-size: large;"><strong>.</strong></span></p>
<p><span style="font-size: large;"> </span></p>
<p><span style="font-size: large;"> </span></p>
<p><span style="font-size: large;"> </span></p>
<p><span style="font-size: large;"><strong>Etnopaisaje.com</strong></span></p>
<p><span style="font-size: large;"> </span></p>
<p><span style="font-size: large;"> </span></p>
<p><span style="font-size: large;"> </span></p>
<p><span style="font-size: large;"><strong> </strong></span></p>
<p><span style="font-size: large;"> </span></p>
<p><span style="font-size: large;"> </span></p>
<p><span style="font-size: large;"> </span></p>
<p><span style="font-size: large;"> </span></p>
<p><span style="font-size: large;"> </span></p>
<p><span style="font-size: large;"> </span></p>
<p><span style="font-size: large;"> </span></p>
<ul>
<li><span style="font-size: large;">Bajar los sueldos destruye el consumo doméstico, según la      organización</span></li>
<li><span style="font-size: large;">…</span></li>
<li><span style="font-size: large;">………</span></li>
<li><span style="font-size: large;">El BCE pidió flexibilizar salarios para aumentar la      competitividad</span></li>
</ul>
<p><span style="font-size: large;"> </span></p>
<p><span style="font-size: large;">…………….</span></p>
<p><span style="font-size: large;"> </span></p>
<p><span style="font-size: large;"> </span></p>
<p><span style="font-size: large;"> </span></p>
<p><span style="font-size: large;">La Organización Internacional del Trabajo (OIT) ha advertido al <a href="http://www.rtve.es/noticias/banco-central-europeo/">Banco Central Europeo (BCE)</a> que<strong> bajar los salarios perjudica al crecimiento económico</strong> de un país porque <strong>reduce el consumo doméstico</strong>.</span></p>
<p><span style="font-size: large;"> </span></p>
<p><span style="font-size: large;">………</span></p>
<p><span style="font-size: large;"> </span></p>
<p><span style="font-size: large;">…..</span></p>
<p><span style="font-size: large;"> </span></p>
<p><span style="font-size: large;">Estas declaraciones se producen a raíz de que el BCE pidiera en agosto que se <a href="http://www.rtve.es/noticias/20120809/bce-apuesta-bajada-salarios-espana/555706.shtml">flexibilizara la fijación de salarios</a><strong> </strong>y así poder disminuir el sueldo mínimo para mejorar la competitividad</span></p>
<p><span style="font-size: large;"> </span></p>
<p><span style="font-size: large;">………</span></p>
<p><span style="font-size: large;"> </span></p>
<p><span style="font-size: large;">…..</span></p>
<p><span style="font-size: large;"> </span></p>
<p><span style="font-size: large;">Cualquier caída en los salarios <strong>reduce el consumo domésticos más de lo que incrementa las exportaciones </strong>y la inversión</span></p>
<p><span style="font-size: large;"> </span></p>
<p><span style="font-size: large;"> </span></p>
<p><span style="font-size: large;"> </span></p>
<p><span style="font-size: large;"> </span></p>
<p><span style="font-size: large;"> </span></p>
<p><span style="font-size: large;"> </span></p>
<p><span style="font-size: large;"> </span></p>
<p><span style="font-size: large;"> </span></p>
<p><span style="font-size: large;"> </span></p>
<p><span style="font-size: large;"> </span></p>
<p><span style="font-size: large;"> </span></p>
<p><span style="font-size: large;"> </span></p>
<p><span style="font-size: large;"> </span></p>
<p><span style="font-size: large;">………….</span></p>
<p><span style="font-size: large;"> </span></p>
<p><span style="font-size: large;">………..</span></p>
<p><strong><span style="font-size: large;"> </span></strong></p>
<p><strong><span style="font-size: large;">Lower wages destroy domestic consumption, according to the Organization</span></strong></p>
<p><span style="font-size: large;"> </span></p>
<p><span style="font-size: large;"> </span></p>
<p><span style="font-size: large;"> </span></p>
<p><span style="font-size: large;">..</span></p>
<p><span style="font-size: large;"> </span></p>
<p><span style="font-size: large;">&#8230;&#8230;&#8230;</span></p>
<p><span style="font-size: large;"> </span></p>
<p><span style="font-size: large;"> </span></p>
<p><span style="font-size: large;"> </span></p>
<p><span style="font-size: large;">The ECB called for flexible wages to increase competitiveness</span></p>
<p><span style="font-size: large;"> </span></p>
<p><span style="font-size: large;">&#8230;&#8230;&#8230;</span></p>
<p><span style="font-size: large;"> </span></p>
<p><span style="font-size: large;">&#8230;&#8230;</span></p>
<p><span style="font-size: large;"> </span></p>
<p><span style="font-size: large;">The International Labour Organization (ILO) has warned the European Central Bank (ECB) tha<strong>t lower wages is detrimental to economic growth in a country because it reduces household consumption.</strong></span></p>
<p><span style="font-size: large;"> </span></p>
<p><span style="font-size: large;"> </span></p>
<p><span style="font-size: large;"> </span></p>
<p><span style="font-size: large;">&#8230;&#8230;&#8230;&#8230;..</span></p>
<p><span style="font-size: large;"> </span></p>
<p><span style="font-size: large;">&#8230;&#8230;.</span></p>
<p><span style="font-size: large;"> </span></p>
<p><span style="font-size: large;"> </span></p>
<p><span style="font-size: large;"> </span></p>
<p><span style="font-size: large;">These  statements are produced as a result of the ECB asked in August is  flexibilizara wage fixing and to decrease the minimum wage to improve  competitiveness</span></p>
<p><span style="font-size: large;"> </span></p>
<p><span style="font-size: large;">&#8230;..</span></p>
<p><span style="font-size: large;"> </span></p>
<p><span style="font-size: large;">&#8230;&#8230;</span></p>
<p><span style="font-size: large;"> </span></p>
<p><span style="font-size: large;">A<strong>ny decline in wages reduces consumption household </strong>more than it increases exports and investment</span></p>
<p><span style="font-size: large;"> </span></p>
<p><span style="font-size: large;">&#8230;&#8230;..</span></p>

<p>Tweet&#8230;&#8230;&#8230;&#8230;. The ILO warns the ECB that reduce wages harm economic growth of the country. &#8230;. . &#8230;&#8230;&#8230; La OIT advierte al BCE de que reducir los salarios perjudica el crecimiento económico del país … . &#8230;.. . Etnopaisaje.com Bajar los sueldos destruye el consumo doméstico, según la organización … ……… El BCE pidió flexibilizar [&hellip;]</p>
