{"id":20383,"date":"2012-08-10T17:18:05","date_gmt":"2012-08-10T15:18:05","guid":{"rendered":"http:\/\/www.floracantabrica.com\/?page_id=20383"},"modified":"2012-08-10T17:18:05","modified_gmt":"2012-08-10T15:18:05","slug":"why-food-prices-rise-and-fear-a-crisis","status":"publish","type":"page","link":"http:\/\/www.floracantabrica.com\/?page_id=20383","title":{"rendered":"Why food prices rise and fear a crisis"},"content":{"rendered":"<p><a href=\"http:\/\/twitter.com\/share?url=http%3A%2F%2Fwww.floracantabrica.com%2F%3Fpage_id%3D20383&amp;count=none&amp;lang=es&amp;via=lorencincoreses&amp;related=Mujerverdosa&amp;text=Why food prices rise and fear a crisis - Flora Cant\u00e1brica\" class=\"twitter-share-button\">Tweet<\/a><\/p><p>&#8230;&#8230;&#8230;&#8230;..<\/p>\n<p><span style=\"font-size: large;\"><strong>Por qu\u00e9 aumentan los precios de los alimentos y temen una crisis<\/strong><\/span><\/p>\n<p><span style=\"font-size: large;\"> <\/span><\/p>\n<p><span style=\"font-size: large;\"><strong>\u2026<\/strong><\/span><\/p>\n<p><span style=\"font-size: large;\"> <\/span><\/p>\n<p><span style=\"font-size: large;\"><strong>\u2026.<\/strong><\/span><\/p>\n<p><span style=\"font-size: large;\"> <\/span><\/p>\n<p><span style=\"font-size: xx-large;\"><strong>Why food prices rise and fear a crisis<\/strong><\/span><\/p>\n<p><span style=\"font-size: large;\"> <\/span><\/p>\n<p><span style=\"font-size: large;\"><strong>..<\/strong><\/span><\/p>\n<p><span style=\"font-size: large;\"> <\/span><\/p>\n<p><span style=\"font-size: large;\"><strong>.<\/strong><\/span><\/p>\n<p><span style=\"font-size: large;\"> <\/span><\/p>\n<p><span style=\"font-size: large;\"><strong>BBC<\/strong><\/span><\/p>\n<p><span style=\"font-size: large;\"> <\/span><\/p>\n<p><span style=\"font-size: large;\"><strong>&#8230;..<\/strong><\/span><\/p>\n<p><span style=\"font-size: large;\"> <\/span><\/p>\n<p><span style=\"font-size: large;\"><strong>..<\/strong><\/span><\/p>\n<p><span style=\"font-size: large;\"> <\/span><\/p>\n<p><span style=\"font-size: large;\"><strong>Etnopaisaje.com<\/strong><\/span><\/p>\n<p><span style=\"font-size: large;\"> <\/span><\/p>\n<p><span style=\"font-size: large;\"><strong>&#8230;..<\/strong><\/span><\/p>\n<p><span style=\"font-size: large;\"> <\/span><\/p>\n<p><img loading=\"lazy\" decoding=\"async\" title=\"image002\" src=\"..\/wp-content\/uploads\/2012\/08\/image00215.gif\" alt=\"image002\" width=\"783\" height=\"587\" \/><\/p>\n<p><span style=\"font-size: large;\"><strong>&#8230;&#8230;.<\/strong><\/span><\/p>\n<p><span style=\"font-size: large;\"> <\/span><\/p>\n<p><span style=\"font-size: large;\"><strong>Las condiciones clim\u00e1ticas extremas de las \u00faltimas semanas han afectado cultivos de granos en el medio oeste de Estados Unido<\/strong>s y en el cintur\u00f3n de cultivos de ma\u00edz en el occidente, lo <strong>que ha generado temores de una escasez de trigo y ha hecho subir los precios.<\/strong><\/span><\/p>\n<p><span style=\"font-size: large;\"> <\/span><\/p>\n<p><span style=\"font-size: large;\">\u2026<\/span><\/p>\n<p><span style=\"font-size: large;\"> <\/span><\/p>\n<p><span style=\"font-size: large;\">\u2026\u2026..<\/span><\/p>\n<p><span style=\"font-size: large;\"> <\/span><\/p>\n<p><span style=\"font-size: large;\"> <\/span><\/p>\n<p><span style=\"font-size: large;\"> <\/span><\/p>\n<p><span style=\"font-size: large;\">Estados Unidos <strong>sufre la peor sequ\u00eda de los \u00faltimos 25 a\u00f1os<\/strong>.<\/span><\/p>\n<p><span style=\"font-size: large;\"> <\/span><\/p>\n<p><span style=\"font-size: large;\"> <\/span><\/p>\n<p><span style=\"font-size: large;\"> <\/span><\/p>\n<p><span style=\"font-size: large;\">\u2026<\/span><\/p>\n<p><span style=\"font-size: large;\"> <\/span><\/p>\n<p><span style=\"font-size: large;\">\u2026\u2026\u2026\u2026..<\/span><\/p>\n<p><span style=\"font-size: large;\"> <\/span><\/p>\n<p><span style=\"font-size: large;\"> <\/span><\/p>\n<p><span style=\"font-size: large;\"> <\/span><\/p>\n<p><span style=\"font-size: large;\">Como  resultado, no ha sido una sorpresa que el \u00edndice de precios de los  alimentos que maneja la Organizaci\u00f3n de las Naciones Unidas para la  Alimentaci\u00f3n y la Agricultura (FAO) rebotara <strong>al alza en julio con una subida del 6% respecto a junio<\/strong>, despu\u00e9s de tres meses consecutivos de ca\u00edda<\/span><\/p>\n<p><span style=\"font-size: large;\"> <\/span><\/p>\n<p><span style=\"font-size: large;\">\u2026<\/span><\/p>\n<p><span style=\"font-size: large;\"> <\/span><\/p>\n<p><span style=\"font-size: large;\">\u2026\u2026\u2026.<\/span><\/p>\n<p><span style=\"font-size: large;\"> <\/span><\/p>\n<p><span style=\"font-size: large;\"> <\/span><\/p>\n<p><span style=\"font-size: large;\"> <\/span><\/p>\n<p><span style=\"font-size: large;\">Varias zonas clave de cultivo en Estados Unidos se <strong>han visto afectadas por la peor sequ\u00eda<\/strong> en casi 25 a\u00f1os, lo que ha causado <strong>un aumento considerable en los precios del trigo, ma\u00edz y soya<\/strong><\/span><\/p>\n<p><span style=\"font-size: large;\"> <\/span><\/p>\n<p><span style=\"font-size: large;\">\u2026<\/span><\/p>\n<p><span style=\"font-size: large;\"> <\/span><\/p>\n<p><span style=\"font-size: large;\">\u2026..<\/span><\/p>\n<p><span style=\"font-size: large;\"> <\/span><\/p>\n<p><span style=\"font-size: large;\"> <\/span><\/p>\n<p><span style=\"font-size: large;\"> <\/span><\/p>\n<p><span style=\"font-size: large;\">,,,,,,,,,,,,,,,<\/span><\/p>\n<p><span style=\"font-size: large;\"> <\/span><\/p>\n<p><span style=\"font-size: large;\">\u2026\u2026\u2026..<\/span><\/p>\n<p><span style=\"font-size: large;\"> <\/span><\/p>\n<p><span style=\"font-size: large;\"><strong>The extreme climatic conditions in recent weeks have affected crops in the Midwest of United States <\/strong>and cultivation of maize in the West belt, which has generated fears of a shortage of wheat and has pushed up prices.<\/span><\/p>\n<p><span style=\"font-size: large;\"> <\/span><\/p>\n<p><span style=\"font-size: large;\">&#8230;<\/span><\/p>\n<p><span style=\"font-size: large;\"> <\/span><\/p>\n<p><span style=\"font-size: large;\">&#8230;&#8230;.<\/span><\/p>\n<p><span style=\"font-size: large;\"> <\/span><\/p>\n<p><span style=\"font-size: large;\">United States suffers <strong>worst drought in 25 years<\/strong>.<\/span><\/p>\n<p><span style=\"font-size: large;\"> <\/span><\/p>\n<p><span style=\"font-size: large;\">&#8230;&#8230;..<\/span><\/p>\n<p><span style=\"font-size: large;\"> <\/span><\/p>\n<p><span style=\"font-size: large;\">&#8230;.<\/span><\/p>\n<p><span style=\"font-size: large;\"> <\/span><\/p>\n<p><span style=\"font-size: large;\">As a  result, there has been a surprise that the price index of food that  manages the United Nations Organization for Food and Agriculture  Organization (FAO) bounce upward in July with <strong>a 6% increase over June<\/strong>, after three consecutive months of decline<\/span><\/p>\n<p><span style=\"font-size: large;\"> <\/span><\/p>\n<p><span style=\"font-size: large;\">&#8230;..<\/span><\/p>\n<p><span style=\"font-size: large;\"> <\/span><\/p>\n<p><span style=\"font-size: large;\">&#8230;&#8230;.<\/span><\/p>\n<p><span style=\"font-size: large;\"> <\/span><\/p>\n<p><span style=\"font-size: large;\">several <strong>key areas of cultivation in United States have been affected by the worst drought<\/strong> in nearly 25 years, which has caused a considerable increase in the prices of wheat, corn and soy<\/span><\/p>\n<p><span style=\"font-size: large;\"> <\/span><\/p>\n<p><span style=\"font-size: large;\">&#8230;&#8230;&#8230;&#8230;&#8230;&#8230;&#8230;&#8230;..<\/span><\/p>\n","protected":false},"excerpt":{"rendered":"<p>Tweet&#8230;&#8230;&#8230;&#8230;.. Por qu\u00e9 aumentan los precios de los alimentos y temen una crisis \u2026 \u2026. Why food prices rise and fear a crisis .. . BBC &#8230;.. .. Etnopaisaje.com &#8230;.. &#8230;&#8230;. Las condiciones clim\u00e1ticas extremas de las \u00faltimas semanas han afectado cultivos de granos en el medio oeste de Estados Unidos y en el cintur\u00f3n [&hellip;]<\/p>\n","protected":false},"author":1,"featured_media":0,"parent":0,"menu_order":0,"comment_status":"open","ping_status":"open","template":"","meta":{"footnotes":""},"class_list":["post-20383","page","type-page","status-publish","hentry"],"_links":{"self":[{"href":"http:\/\/www.floracantabrica.com\/index.php?rest_route=\/wp\/v2\/pages\/20383","targetHints":{"allow":["GET"]}}],"collection":[{"href":"http:\/\/www.floracantabrica.com\/index.php?rest_route=\/wp\/v2\/pages"}],"about":[{"href":"http:\/\/www.floracantabrica.com\/index.php?rest_route=\/wp\/v2\/types\/page"}],"author":[{"embeddable":true,"href":"http:\/\/www.floracantabrica.com\/index.php?rest_route=\/wp\/v2\/users\/1"}],"replies":[{"embeddable":true,"href":"http:\/\/www.floracantabrica.com\/index.php?rest_route=%2Fwp%2Fv2%2Fcomments&post=20383"}],"version-history":[{"count":3,"href":"http:\/\/www.floracantabrica.com\/index.php?rest_route=\/wp\/v2\/pages\/20383\/revisions"}],"predecessor-version":[{"id":20386,"href":"http:\/\/www.floracantabrica.com\/index.php?rest_route=\/wp\/v2\/pages\/20383\/revisions\/20386"}],"wp:attachment":[{"href":"http:\/\/www.floracantabrica.com\/index.php?rest_route=%2Fwp%2Fv2%2Fmedia&parent=20383"}],"curies":[{"name":"wp","href":"https:\/\/api.w.org\/{rel}","templated":true}]}}

<p><a href="http://twitter.com/share?url=http%3A%2F%2Fwww.floracantabrica.com%2F%3Fpage_id%3D20383&amp;count=none&amp;lang=es&amp;via=lorencincoreses&amp;related=Mujerverdosa&amp;text=Why food prices rise and fear a crisis - Flora Cantábrica" class="twitter-share-button">Tweet</a></p><p>&#8230;&#8230;&#8230;&#8230;..</p>
<p><span style="font-size: large;"><strong>Por qué aumentan los precios de los alimentos y temen una crisis</strong></span></p>
<p><span style="font-size: large;"> </span></p>
<p><span style="font-size: large;"><strong>…</strong></span></p>
<p><span style="font-size: large;"> </span></p>
<p><span style="font-size: large;"><strong>….</strong></span></p>
<p><span style="font-size: large;"> </span></p>
<p><span style="font-size: xx-large;"><strong>Why food prices rise and fear a crisis</strong></span></p>
<p><span style="font-size: large;"> </span></p>
<p><span style="font-size: large;"><strong>..</strong></span></p>
<p><span style="font-size: large;"> </span></p>
<p><span style="font-size: large;"><strong>.</strong></span></p>
<p><span style="font-size: large;"> </span></p>
<p><span style="font-size: large;"><strong>BBC</strong></span></p>
<p><span style="font-size: large;"> </span></p>
<p><span style="font-size: large;"><strong>&#8230;..</strong></span></p>
<p><span style="font-size: large;"> </span></p>
<p><span style="font-size: large;"><strong>..</strong></span></p>
<p><span style="font-size: large;"> </span></p>
<p><span style="font-size: large;"><strong>Etnopaisaje.com</strong></span></p>
<p><span style="font-size: large;"> </span></p>
<p><span style="font-size: large;"><strong>&#8230;..</strong></span></p>
<p><span style="font-size: large;"> </span></p>
<p><img loading="lazy" decoding="async" title="image002" src="../wp-content/uploads/2012/08/image00215.gif" alt="image002" width="783" height="587" /></p>
<p><span style="font-size: large;"><strong>&#8230;&#8230;.</strong></span></p>
<p><span style="font-size: large;"> </span></p>
<p><span style="font-size: large;"><strong>Las condiciones climáticas extremas de las últimas semanas han afectado cultivos de granos en el medio oeste de Estados Unido</strong>s y en el cinturón de cultivos de maíz en el occidente, lo <strong>que ha generado temores de una escasez de trigo y ha hecho subir los precios.</strong></span></p>
<p><span style="font-size: large;"> </span></p>
<p><span style="font-size: large;">…</span></p>
<p><span style="font-size: large;"> </span></p>
<p><span style="font-size: large;">……..</span></p>
<p><span style="font-size: large;"> </span></p>
<p><span style="font-size: large;"> </span></p>
<p><span style="font-size: large;"> </span></p>
<p><span style="font-size: large;">Estados Unidos <strong>sufre la peor sequía de los últimos 25 años</strong>.</span></p>
<p><span style="font-size: large;"> </span></p>
<p><span style="font-size: large;"> </span></p>
<p><span style="font-size: large;"> </span></p>
<p><span style="font-size: large;">…</span></p>
<p><span style="font-size: large;"> </span></p>
<p><span style="font-size: large;">…………..</span></p>
<p><span style="font-size: large;"> </span></p>
<p><span style="font-size: large;"> </span></p>
<p><span style="font-size: large;"> </span></p>
<p><span style="font-size: large;">Como  resultado, no ha sido una sorpresa que el índice de precios de los  alimentos que maneja la Organización de las Naciones Unidas para la  Alimentación y la Agricultura (FAO) rebotara <strong>al alza en julio con una subida del 6% respecto a junio</strong>, después de tres meses consecutivos de caída</span></p>
<p><span style="font-size: large;"> </span></p>
<p><span style="font-size: large;">…</span></p>
<p><span style="font-size: large;"> </span></p>
<p><span style="font-size: large;">……….</span></p>
<p><span style="font-size: large;"> </span></p>
<p><span style="font-size: large;"> </span></p>
<p><span style="font-size: large;"> </span></p>
<p><span style="font-size: large;">Varias zonas clave de cultivo en Estados Unidos se <strong>han visto afectadas por la peor sequía</strong> en casi 25 años, lo que ha causado <strong>un aumento considerable en los precios del trigo, maíz y soya</strong></span></p>
<p><span style="font-size: large;"> </span></p>
<p><span style="font-size: large;">…</span></p>
<p><span style="font-size: large;"> </span></p>
<p><span style="font-size: large;">…..</span></p>
<p><span style="font-size: large;"> </span></p>
<p><span style="font-size: large;"> </span></p>
<p><span style="font-size: large;"> </span></p>
<p><span style="font-size: large;">,,,,,,,,,,,,,,,</span></p>
<p><span style="font-size: large;"> </span></p>
<p><span style="font-size: large;">………..</span></p>
<p><span style="font-size: large;"> </span></p>
<p><span style="font-size: large;"><strong>The extreme climatic conditions in recent weeks have affected crops in the Midwest of United States </strong>and cultivation of maize in the West belt, which has generated fears of a shortage of wheat and has pushed up prices.</span></p>
<p><span style="font-size: large;"> </span></p>
<p><span style="font-size: large;">&#8230;</span></p>
<p><span style="font-size: large;"> </span></p>
<p><span style="font-size: large;">&#8230;&#8230;.</span></p>
<p><span style="font-size: large;"> </span></p>
<p><span style="font-size: large;">United States suffers <strong>worst drought in 25 years</strong>.</span></p>
<p><span style="font-size: large;"> </span></p>
<p><span style="font-size: large;">&#8230;&#8230;..</span></p>
<p><span style="font-size: large;"> </span></p>
<p><span style="font-size: large;">&#8230;.</span></p>
<p><span style="font-size: large;"> </span></p>
<p><span style="font-size: large;">As a  result, there has been a surprise that the price index of food that  manages the United Nations Organization for Food and Agriculture  Organization (FAO) bounce upward in July with <strong>a 6% increase over June</strong>, after three consecutive months of decline</span></p>
<p><span style="font-size: large;"> </span></p>
<p><span style="font-size: large;">&#8230;..</span></p>
<p><span style="font-size: large;"> </span></p>
<p><span style="font-size: large;">&#8230;&#8230;.</span></p>
<p><span style="font-size: large;"> </span></p>
<p><span style="font-size: large;">several <strong>key areas of cultivation in United States have been affected by the worst drought</strong> in nearly 25 years, which has caused a considerable increase in the prices of wheat, corn and soy</span></p>
<p><span style="font-size: large;"> </span></p>
<p><span style="font-size: large;">&#8230;&#8230;&#8230;&#8230;&#8230;&#8230;&#8230;&#8230;..</span></p>

<p>Tweet&#8230;&#8230;&#8230;&#8230;.. Por qué aumentan los precios de los alimentos y temen una crisis … …. Why food prices rise and fear a crisis .. . BBC &#8230;.. .. Etnopaisaje.com &#8230;.. &#8230;&#8230;. Las condiciones climáticas extremas de las últimas semanas han afectado cultivos de granos en el medio oeste de Estados Unidos y en el cinturón [&hellip;]</p>
